What is the units digit of j?
9
Let c(v) = 99*v**2 + v - 6. What is the units digit of c(-3)?
2
Suppose 0 = -53*v + 121*v - 188224. What is the tens digit of v?
6
Suppose 0*r = -5*r + 4*v + 908, -3*v = 3*r - 534. Suppose -19*c + 15*c + r = 0. Suppose c = -0*l + 5*l. What is the units digit of l?
9
Suppose 0 = -4*m + 2*m. Suppose 5*s = 4*j + 311, m = s + 2*s - 2*j - 185. What is the tens digit of s?
5
Let q(m) be the second derivative of m**5/20 - 7*m**4/12 + 5*m**3/6 - 5*m**2/2 + 17*m. What is the tens digit of q(7)?
3
Let h = -460 + 903. What is the hundreds digit of h?
4
Suppose 0 = 5*l - 3*t - 25699 + 9816, 4*l - 5*t - 12709 = 0. What is the thousands digit of l?
3
Suppose -9*f - 2229 = -8772. What is the tens digit of f?
2
What is the thousands digit of -3 + ((-2852)/(-2) - -4) + 4?
1
Let g = 2520 + -1698. What is the hundreds digit of g?
8
Suppose -3*u - 1542 = -8*u - 2*g, 0 = -3*u - 4*g + 914. Suppose -m = 4*m - u. What is the tens digit of m?
6
Suppose -3*a = 5*j + 731 - 3837, 3*j = -4*a + 1868. What is the hundreds digit of j?
6
Suppose -28*c = -27*c - 447. What is the hundreds digit of c?
4
Let i(n) = n + 1. Let l(t) = 7*t + 2. Let j(v) = -2*i(v) + l(v). Let y be j(10). Let b = -28 + y. What is the units digit of b?
2
Let a = 1079 - 678. What is the units digit of a?
1
Let v = -35 - -37. Suppose 3*n + l + v = -117, 6 = -3*l. Let g = 0 - n. What is the tens digit of g?
3
Let z(p) = 39*p + 9. Suppose n - 11 = -8. What is the units digit of z(n)?
6
Let j be -16*(0 - (-1)/(-2)). Let i(d) = 14*d - 16. What is the tens digit of i(j)?
9
Let s(t) = -714*t + 6. What is the units digit of s(-1)?
0
Suppose 2717 = 3*f - 1888. What is the tens digit of f?
3
Let c(f) = 70*f - 16. What is the tens digit of c(11)?
5
Let i(m) = -m**3 - 3*m**2 - 17*m + 49. What is the tens digit of i(-9)?
8
What is the tens digit of (-113)/(-6 - 87/(-15))?
6
Let v = -2968 - -5166. What is the thousands digit of v?
2
Let y(g) = -2*g**3 - 13*g**2 - 9*g - 4. Let z be y(-10). Suppose 6*p - 2*p + 237 = q, 3*q + 3*p = z. What is the tens digit of q?
5
Suppose 12 = 3*g - 216. Suppose -5*x - 86 = -0*x + 2*w, -4*w - g = 4*x. Let k = 24 + x. What is the units digit of k?
8
Suppose -2*l = -0*l - 2220. What is the units digit of l?
0
Suppose -184 - 48 = -4*v. Suppose 2*w + 0*w - v = 0. What is the tens digit of w?
2
What is the tens digit of 1/(-2) + 2610/36?
7
What is the units digit of ((-10737)/3)/(-23 - -20)?
3
What is the tens digit of (13916/(-343))/(2/(-7))?
4
Let h(x) = 1992*x - 3. What is the thousands digit of h(3)?
5
Let t(u) = 2*u - 17. Let j be t(4). What is the tens digit of 2/6 - (-2 - (-321)/j)?
3
Let y(c) = 5*c - 7. Let m be y(2). Suppose k - 86 = 3*t, k = m*k + t - 186. What is the units digit of k?
2
Suppose 3*c + 1560 = 8*c. What is the hundreds digit of c?
3
Let t(q) = q**2 + 4 - 9 + 3*q + 15 - 4 + 0*q. Suppose 0*z - 2*z - 5*m = 45, 4*z = -5*m - 65. What is the units digit of t(z)?
6
Let q = 18 - 16. Suppose q*f - 39 = -3*c + 89, -72 = -2*c - 4*f. What is the units digit of c?
6
Let q = -631 + 2837. What is the tens digit of q?
0
Suppose 0 = 3*b - 7 + 1. Suppose 0 = b*w - w - 4. Suppose w*d + 12 = 0, -5*k - d - 118 = -10*k. What is the units digit of k?
3
Suppose -4*i = -5*m + 19883, -2636 = 5*m + 4*i - 22503. What is the hundreds digit of m?
9
What is the hundreds digit of (211 - 0)*12*9/12?
8
Let x(t) = -t**2 - 10*t - 1. Suppose 50 = -4*v + 10. Let k be x(v). Let n(u) = -19*u - 1. What is the units digit of n(k)?
8
Suppose -62*p + 9612 = 4*j - 58*p, -3*j + 4*p + 7216 = 0. What is the tens digit of j?
0
Let p(l) = l**2 + 49. Let b be p(0). Let u = 54 - b. What is the units digit of u?
5
Let a = 2806 - -626. What is the hundreds digit of a?
4
Suppose 0 = -g + 6*g - 140. Let j = g - 25. What is the units digit of j?
3
What is the hundreds digit of (-65174)/(-38) - (1380/114 + -12)?
7
Let l(q) = 5*q**2 + 7*q + 5. What is the tens digit of l(-7)?
0
Let m = -17 - -62. Let v = m - -7. What is the units digit of v?
2
Let r be (0 + 12/(-8))*-2. Suppose -r*p = -d - 8, 2*p = 5*p + d - 4. Suppose -y - 11 = -p*y. What is the units digit of y?
1
Suppose p + 1 = 10. Let y(u) = 6*u + 3. Let d(h) = -25*h - 13. Let o(l) = p*y(l) + 2*d(l). What is the tens digit of o(4)?
1
Let g(h) = 15*h**2 - 14*h + 162. What is the thousands digit of g(9)?
1
Suppose 0 = -2*m - 333 + 997. What is the tens digit of m?
3
Let m be (14/(-4))/((-4)/144). Let l = -35 - -41. Suppose -m = -0*t - l*t. What is the units digit of t?
1
Let y = 2669 - 673. What is the tens digit of y?
9
Let t(f) = -f**2 - 4*f - 1. Let g be t(-3). Suppose 3*m - 6*l = -l + 208, 2*m + g*l = 128. What is the tens digit of m?
6
Let v = -26 + 34. What is the units digit of 2/v*4/6*174?
9
What is the thousands digit of -8 - 16940/(-9) - 10/45?
1
Suppose 4*s = -2272 + 8184. What is the hundreds digit of s?
4
Suppose -156 = -o - o. Suppose -2 - o = -2*h. What is the units digit of h?
0
Suppose -2*m + 426 = -328. What is the units digit of m?
7
Let a be (15/(-9))/(2/30). Let q = -5 + a. Let x = q - -63. What is the units digit of x?
3
Suppose 3*b + l = 2*l - 50, -3*b - 55 = -2*l. What is the tens digit of (138/b)/((-2)/5)?
2
Suppose 4*f - 4*r = -r + 385, 3*f - 280 = 4*r. Suppose 0*x = 2*x + f. Let b = -26 - x. What is the tens digit of b?
2
Suppose -2*v - 7*v + 756 = 0. Let i = 172 - v. What is the tens digit of i?
8
Let d = 145 - -1198. What is the hundreds digit of d?
3
What is the hundreds digit of 2972*5/6*105/175?
4
Suppose -23050 = -94*k + 84*k. What is the hundreds digit of k?
3
Suppose 5*o + 5*r - 3309 + 1144 = 0, -6 = -2*r. What is the tens digit of o?
3
Suppose 5*a - 384 = -u - 3*u, 20 = -5*u. Suppose 0 = -82*j + a*j + 18. What is the units digit of j?
9
Let o(x) = -2 - x**3 + 3*x**3 - x - 3*x**3 + x**2. What is the units digit of o(-1)?
1
What is the tens digit of 3648 - (6 + 2 + -5)?
4
Suppose -3 + 3 = 14*m. Suppose 2*c = -5*y + 195, y + 94 = c - m*y. What is the tens digit of c?
9
Suppose 7*p = -6*p + 26. Suppose -p*a = -34 - 258. What is the hundreds digit of a?
1
Suppose -4*n + 1256 = -0*t - 4*t, 5 = 5*t. What is the tens digit of n?
1
Suppose 21 + 11 = 8*g. Suppose 0*u - 113 = -g*o + 5*u, 4*o - 112 = 4*u. What is the units digit of o?
7
Let u be (56/(-12))/((-6)/9). Suppose -u*l = -5*l - 80. What is the units digit of l?
0
Suppose 0*n - 4*n + 3*u + 94 = 0, 10 = -5*u. Let g = n - 8. Let q = 3 + g. What is the tens digit of q?
1
Suppose -3*h + 4*x + 18 = -11, 3*h - 25 = 2*x. What is the units digit of h?
7
What is the tens digit of 35890/12 - (-86)/516?
9
Let p(x) = -14*x - 51. Let j be p(-8). Let h = j - 17. What is the tens digit of h?
4
Let u(f) = -7*f - 11. Let d be u(-5). Let p be 29/((-2)/d*-4). Suppose -5*x = -k + 54, -3*k + p = x + 5. What is the tens digit of k?
2
Suppose 4*n + f - 2048 = 0, -n + 5*f + 9 + 482 = 0. What is the tens digit of n?
1
What is the units digit of (4 - (-5772)/(-21))*(-21)/2?
4
Let k be (-56)/(-6) - (5 + 102/(-18)). Suppose 210 = k*t - 1820. What is the tens digit of t?
0
Suppose -3*g = -6*s + 3*s + 156, -4*g - 3*s = 229. What is the units digit of (-171)/(-33) + 10/g?
5
Let v(c) = -17 - 36*c**2 - c - c**3 + 21*c + 47*c**2. What is the units digit of v(12)?
9
Let v(n) = -n**3 - 8*n**2 - 15*n - 15. What is the units digit of v(-6)?
3
Suppose -5*u + 3*y - 823 = -7*u, u = -5*y + 422. What is the tens digit of u?
0
Suppose -726 = 21*y - 27816. What is the thousands digit of y?
1
Let r(k) = k**3 + 6*k**2 + 1. Let h be r(-6). Let f be -155*h/((-20)/(-112)). What is the units digit of 30/(-135) - f/18?
8
Suppose -6*o + 5556 - 1788 = 0. Suppose -3*v - v + o = 3*z, 0 = -5*z + 4*v + 1036. What is the units digit of z?
8
Let b = 30 - 30. Suppose 0 = 3*u + t - 141, -3*t + 181 = 4*u - 4*t. Let j = b + u. What is the tens digit of j?
4
Let l = -4 - -13. Suppose 1 + l = -5*o. What is the units digit of ((-7)/(-2))/(o/(-12))?
1
Suppose -d = 3*d - 4*o - 2196, -5*o + 2196 = 4*d. Suppose -4*i + d + 138 = -5*v, 5*i + 3*v - 831 = 0. What is the units digit of i?
8
Suppose 0 = 4*v + 60 + 36. Let o be (-4 - 1)*v/(-20). Let a = 17 + o. What is the tens digit of a?
1
Let h be ((-20)/(-6))/(4/6). Let j = 111 + 41. Suppose h*v - v = j. What is the tens digit of v?
3
Suppose -l - 268 = -3*u + 91, 3*l - 496 